it of (g/9)/(4/y)?
3
Let k = 17 + -12. Suppose 0*n + 4*n = -8, -5*n = 5*u - k. Suppose 48 = 4*y + 2*m, 2*m - u*m = 0. What is the tens digit of y?
1
Let c be 1790/(-6) + (-5)/(-15). Let v = -117 - c. What is the units digit of v?
1
Let k(p) = -55*p + 142. What is the thousands digit of k(-16)?
1
Let n = -14 + 11. Let j be 1/(10/4 + n). What is the tens digit of j - (-3)/((-12)/(-116))?
2
Let l = 141 + 1330. What is the hundreds digit of l?
4
Let f = -7 + 8. Let y be (-37)/(-4)*(f - 5). What is the tens digit of 60/(-48)*(y + 1)?
4
Let f(n) = 72*n - 15. What is the units digit of f(1)?
7
Let p(g) = -52*g + 11. Suppose 6*b + 15 - 3 = 0. What is the tens digit of p(b)?
1
Let v be -4 + 0 + 0 + -1. Let f(u) = 15196*u - 15198*u + 1 - 6 + 2*u**2. What is the units digit of f(v)?
5
What is the tens digit of 1050777/1365 + ((-2)/(-10) - -1)?
7
Suppose 0 = 5*t - 8*t - 2397. Let b = -528 - t. What is the tens digit of b?
7
Suppose -8 = -4*p - 3*b + 3, 5*p = 2*b + 31. Suppose -6 = 2*n + 3*m, -p*m - 10 = -4*n - 0. Suppose -z - 3*z + 52 = n. What is the units digit of z?
3
Let h = 16 - 14. Suppose -m + 3 = -h. Suppose 4*v = -m*r + 97, -4*r + 37 = -4*v - 55. What is the tens digit of r?
2
Let f(z) = 24*z - 73. What is the tens digit of f(6)?
7
What is the thousands digit of ((-60)/(-14))/(4*13/37492)?
3
Suppose -20 = -5*t - 0*t. Suppose -524 = -t*g + 152. What is the tens digit of g?
6
Let v be 9*(2 + 0 - 3). Let q = -7 - v. Suppose -q*j - j = -51. What is the tens digit of j?
1
Suppose -3*m = 2*c - 1, 0*m + 2 = -2*m - 2*c. Suppose 5*y - 3*v - 773 = -113, -m*v = 4*y - 555. What is the tens digit of y?
3
What is the hundreds digit of -93 + 3017 - 1*-1?
9
Let v(z) = z - 11. Let o be v(18). Suppose -f + 3*x - o = 0, -6 = -3*x + 6. Suppose -4*m = -f*l - 145, 2*l - 84 - 56 = -5*m. What is the tens digit of m?
3
Let m(y) = y**3 + 10*y**2 + 6. Let b be m(-10). Suppose -c = 3*n - 16, 3*c + 83 = 5*n + 201. Let t = c - b. What is the tens digit of t?
2
Suppose -4*i + k = 5 + 18, -k + 17 = -3*i. Let f be 3 - -2*(-3)/i. Suppose s = -t, -f*s + 25 = -4*t + 3*t. What is the units digit of s?
5
What is the tens digit of 23 + (-27684)/(-16) - 1/4?
5
Let y be (-4)/(-3)*(-330)/(-20). Let g = 0 - -7. Let i = y + g. What is the tens digit of i?
2
Suppose 4*l + 2*m = 4, l - 3*m + 8 = m. Let r(q) = q - 2*q**3 + 2*q**2 + l*q**3 - q. What is the units digit of r(-2)?
4
Suppose 0 = 4*w - 2*z - 88, -4*w = -2*w - 2*z - 48. What is the tens digit of 2552/w + 4/10?
2
Let c(p) = p**2 - 2*p + 7. Let x be c(-7). Let r = 175 - x. What is the hundreds digit of r?
1
Let c = 6952 - 3753. What is the tens digit of c?
9
Suppose -9 = 3*u, -2*h - 2*h = 4*u + 136. Let c = -19 - h. What is the units digit of c?
2
Let z = -93 + 677. What is the units digit of z?
4
Suppose 14*h - 233 = 1083. What is the tens digit of h?
9
Suppose -2*z - 2 = -0*z. Let t(j) be the third derivative of -11*j**6/60 + j**4/24 + j**3/6 - 40*j**2. What is the units digit of t(z)?
2
Let u(o) = 13*o**3 - 8*o**2 + 14*o - 7. What is the units digit of u(7)?
8
Suppose x - 7*x = -1686. Suppose -x = -4*d - 5*h, 2*h - 340 = -5*d + 7*h. What is the units digit of d?
9
Let b(q) = -2408*q - 3. What is the tens digit of b(-1)?
0
Let a(m) = 2*m**2 + 26*m - 37. What is the hundreds digit of a(-24)?
4
Suppose -14*z = -17*z + 2610. What is the units digit of z?
0
Let u = 777 + -428. What is the hundreds digit of u?
3
Let x(y) = -y**3 - 6*y**2 + 7*y + 2. Let j be x(-7). Suppose 5*l - 27 = -4*z, 4*z + j*l = -z + 21. Suppose z*k = 31 - 1. What is the tens digit of k?
1
Let q be ((-3)/(-4))/(16/192). Let n = 11 + q. Let l = 0 + n. What is the tens digit of l?
2
Let n(c) = 23*c**2 - 3*c - 4. Let f be n(-5). Suppose 3 + 1 = g, 3*b + g = f. What is the tens digit of (-4)/(-6) + b/6?
3
Let k(z) = -2*z - 5. Let r be k(-4). Suppose 2*l - 20 = -5*o, o + 9 = 3*l - 4. Suppose r = o*v + v. What is the units digit of v?
1
Suppose 0 = -2*n + 4*n + 12. What is the units digit of (n/8)/((-4)/112)?
1
Let h = 233 - 64. Let b = h + -57. What is the tens digit of b?
1
Let t(l) = 834*l - 218. What is the thousands digit of t(5)?
3
Suppose -42 = -3*f + 114. Let l be ((-6)/(-4))/((-47)/(-2914)). Let u = l - f. What is the units digit of u?
1
Let x(u) = u**3 - 16*u**2 + 32*u - 17. Let a = 117 + -103. What is the units digit of x(a)?
9
Let w = 261 + -80. What is the units digit of w?
1
Let c(v) = v**3 + 6*v**2 - 9*v - 9. Suppose 0 = -3*r - 5 + 17. Let p be r*-3*15/30. What is the units digit of c(p)?
5
Let n be (-1 - 59/3)*3. Let r = -3 - n. What is the units digit of r?
9
Suppose 2*c + 0*c - 2*s = 10, s - 1 = -2*c. Suppose -184 = -3*m - 4*u, -83 = -c*m - 4*u + 37. What is the units digit of m?
4
Let l = 156 - 126. What is the tens digit of l?
3
Suppose -8*i + 3*i + 2*r + 819 = 0, -i + 4*r = -153. Let j be (-2)/4 + 90/12. Suppose 0 = 3*a - j*a + 5*b + i, b - 93 = -2*a. What is the tens digit of a?
4
Let q(i) = -8*i + 12 + i**2 - 16 - 10. What is the units digit of q(-4)?
4
Let o(s) = -s - 1. Let k(x) = x**2 + 14*x + 9. Let r be k(-12). Let u be o(r). Suppose 2*y + 3*n - 59 = 0, -5*y + n + 176 = -u. What is the units digit of y?
7
What is the tens digit of 1428/(-16)*6*20/(-15)?
1
Let v(d) = 4*d**2 + d. Let x be v(1). Suppose -x*r + 5*j = 3*j - 21, 3*r + 6 = -5*j. Suppose 10 = o - 2*l, -r*o + 2*l + 2*l = -22. What is the units digit of o?
2
Let b(a) = 14*a. Let w(o) = -o + 2. Let q(n) = -b(n) - 2*w(n). Let t = 6 - 9. What is the tens digit of q(t)?
3
Suppose 0 = -21*q + 20*q. Suppose q = 2*u + 44 - 388. What is the tens digit of u?
7
Let h(d) = -129*d - 11. Let t(l) = 43*l + 4. Let z(w) = 4*h(w) + 11*t(w). What is the tens digit of z(-3)?
2
Let d = 1359 - 1057. What is the units digit of d?
2
Suppose 3*f + 9 = 0, -4*u - 26 - 1 = f. What is the units digit of 62/(((-2)/5)/(u + 5))?
5
Suppose 4 = -4*a - 4. Let s be a/(2/3 + -1). Suppose -s = p - 58. What is the tens digit of p?
5
What is the units digit of (153 + -5)*73/2 + 7?
9
Suppose -3*k + j + 866 = 0, 3*k = 5*j - 1 + 863. What is the hundreds digit of k?
2
Suppose -3*k = -2*q - 2700, 6*k = 4*k + 3*q + 1800. What is the hundreds digit of k?
9
Let j(l) = -l**2 + 65*l + 322. What is the hundreds digit of j(50)?
0
Let l be 2/(-5) + (-60)/(-25). Suppose 5*x - 300 = -2*w, -5*w - 265 = -3*x - l*x. What is the tens digit of x?
5
Suppose 4*g = 4 + 92. Suppose 2*b = 5*h - g, -5*h - 5*b + 21 = -4*h. Let c = h + -2. What is the units digit of c?
4
Let i be -2 - 38657/(-9) - (-16)/(-72). What is the units digit of i/24 + 5/40?
9
Let r = -32 - -23. Let w be (-732)/r + 4/(-12). What is the units digit of 40/(-12)*w/(-6)?
5
Suppose -13*n - 15*n = -10108. What is the tens digit of n?
6
Let t(d) = -6*d**3 + 3*d**2 - 20*d - 18. What is the units digit of t(-6)?
6
Let v = -13 - -16. Suppose -v*j - 490 = -5*s, 2*j = -s + 2*s - 91. Let d = s - 68. What is the units digit of d?
3
Suppose x = 4*x - 3*u, 0 = 5*x - 4*u. Suppose 5*g + 3*h - h = 467, x = 5*g + 4*h - 459. What is the tens digit of g?
9
What is the hundreds digit of ((-908)/5)/(4/(-10))?
4
Suppose 0 = -i + 2*i + 2*m - 13, 0 = -2*i - 5*m + 30. Let x = i - -25. What is the units digit of x?
0
Let b = -63 - -295. What is the tens digit of b?
3
Let v = -4 + 19. Suppose -4*b + 10 + 18 = 0. Let d = v - b. What is the units digit of d?
8
Let c(b) be the third derivative of 25*b**4/8 + 5*b**3/3 - 2*b**2 + 8*b. What is the units digit of c(2)?
0
Let t(n) = n**3 + 8*n**2 - 12*n - 13. Let r(d) = -d - 2*d - 2*d**2 + 3 + 2*d + d**2. Let x be r(-4). What is the tens digit of t(x)?
1
Suppose 0 = -2*u + a + 2, -4*a + 13 = -u - 7*a. What is the tens digit of 170 + ((-4 + 5)*u)/1?
6
What is the tens digit of (-4)/(-26) + -3 + 17880/52?
4
Let w(l) = -5*l - 32. Let x be w(-8). Suppose 7 + 153 = x*z. What is the tens digit of z?
2
Suppose -4 = -5*p + 4*p. Suppose -68 = -9*z + p*z + o, 53 = 5*z + 4*o. What is the units digit of z?
3
Suppose 0 = -0*a + 3*a - 75. Let y = -45 + a. What is the tens digit of y*3/(-6)*1?
1
Suppose -o + 2*y + 118 + 89 = 0, 0 = -2*o + 5*y + 415. What is the hundreds digit of o?
2
Suppose -2*r + 1085 + 607 = 0. What is the units digit of r?
6
Let f be (4 - -4)*1/2. Suppose -f*w + 420 = 3*w. What is the tens digit of w?
6
Let z(n) be the second derivative of n**4/12 + n**3